11?
1
What is the tens digit of 839749?
4
What is the millions digit of 7536443?
7
What is the millions digit of 9701837?
9
What is the ten thousands digit of 629363?
2
What is the ten thousands digit of 507056?
0
What is the hundred thousands digit of 1066873?
0
What is the units digit of 844052?
2
What is the units digit of 214402?
2
What is the ten thousands digit of 986331?
8
What is the hundreds digit of 3715748?
7
What is the hundreds digit of 273879?
8
What is the units digit of 175515?
5
What is the ten thousands digit of 710575?
1
What is the units digit of 4778358?
8
What is the units digit of 340581?
1
What is the units digit of 185791?
1
What is the units digit of 753305?
5
What is the tens digit of 988031?
3
What is the hundred thousands digit of 208485?
2
What is the hundred thousands digit of 127156?
1
What is the tens digit of 20817?
1
What is the ten thousands digit of 62418?
6
What is the units digit of 1352511?
1
What is the millions digit of 15220476?
5
What is the units digit of 158613?
3
What is the hundreds digit of 55194?
1
What is the ten thousands digit of 681876?
8
What is the ten thousands digit of 1965323?
6
What is the units digit of 226408?
8
What is the millions digit of 11190287?
1
What is the ten thousands digit of 2909461?
0
What is the thousands digit of 161003?
1
What is the thousands digit of 339143?
9
What is the ten thousands digit of 3571099?
7
What is the units digit of 13410460?
0
What is the thousands digit of 685823?
5
What is the ten thousands digit of 257417?
5
What is the units digit of 27739381?
1
What is the tens digit of 29886769?
6
What is the tens digit of 15685690?
9
What is the units digit of 1454789?
9
What is the ten thousands digit of 13317223?
1
What is the tens digit of 30924695?
9
What is the millions digit of 2583247?
2
What is the ten thousands digit of 1698982?
9
What is the millions digit of 3053477?
3
What is the tens digit of 920652?
5
What is the hundreds digit of 619345?
3
What is the ten thousands digit of 1723101?
2
What is the units digit of 169542?
2
What is the thousands digit of 27060?
7
What is the units digit of 115786?
6
What is the tens digit of 4551488?
8
What is the thousands digit of 2912583?
2
What is the tens digit of 13004005?
0
What is the thousands digit of 81711?
1
What is the hundreds digit of 43467?
4
What is the hundreds digit of 58875?
8
What is the hundreds digit of 432603?
6
What is the hundred thousands digit of 602055?
6
What is the ten thousands digit of 1002088?
0
What is the units digit of 34285?
5
What is the thousands digit of 206813?
6
What is the hundred thousands digit of 2076513?
0
What is the tens digit of 512994?
9
What is the tens digit of 10681578?
7
What is the thousands digit of 1033774?
3
What is the millions digit of 2851792?
2
What is the hundred thousands digit of 550083?
5
What is the millions digit of 6993395?
6
What is the hundred thousands digit of 31889706?
8
What is the hundred thousands digit of 120874?
1
What is the ten thousands digit of 10257718?
5
What is the tens digit of 115517?
1
What is the tens digit of 72712?
1
What is the ten thousands digit of 7977762?
7
What is the hundreds digit of 12037156?
1
What is the ten thousands digit of 2527357?
2
What is the hundred thousands digit of 274614?
2
What is the hundred thousands digit of 892917?
8
What is the tens digit of 48780?
8
What is the units digit of 10616743?
3
What is the tens digit of 6335739?
3
What is the units digit of 335040?
0
What is the tens digit of 1543731?
3
What is the units digit of 460257?
7
What is the thousands digit of 1477019?
7
What is the hundreds digit of 733594?
5
What is the ten thousands digit of 476583?
7
What is the ten millions digit of 16822897?
1
What is the thousands digit of 48000?
8
What is the tens digit of 176585?
8
What is the millions digit of 4449004?
4
What is the ten thousands digit of 1660417?
6
What is the millions digit of 16769774?
6
What is the units digit of 1174529?
9
What is the millions digit of 9095468?
9
What is the tens digit of 72359?
5
What is the units digit of 513749?
9
What is the units digit of 5703994?
4
What is the ten thousands digit of 21133284?
3
What is the ten thousands digit of 21779?
2
What is the units digit of 418437?
7
What is the tens digit of 254683?
8
What is the units digit of 205781?
1
What is the tens digit of 787523?
2
What is the thousands digit of 8351347?
1
What is the hundreds digit of 512149?
1
What is the ten thousands digit of 6754400?
5
What is the ten thousands digit of 19681922?
8
What is the units digit of 182581?
1
What is the thousands digit of 1394990?
4
What is the millions digit of 2273633?
2
What is the millions digit of 3438763?
3
What is the tens digit of 259095?
9
What is the hundred thousands digit of 2629527?
6
What is the hundred thousands digit of 4081258?
0
What is the tens digit of 403682?
8
What is the units digit of 7456826?
6
What is the thousands digit of 1936177?
6
What is the hundreds digit of 61593?
5
What is the units digit of 1465197?
7
What is the tens digit of 1444314?
1
What is the hundred thousands digit of 130172?
1
What is the tens digit of 263840?
4
What is the hundreds digit of 5323176?
1
What is the hundred thousands digit of 2234530?
2
What is the tens digit of 11611986?
8
What is the thousands digit of 930671?
0
What is the millions digit of 10171981?
0
What is the tens digit of 467331?
3
What is the thousands digit of 128187?
8
What is the hundreds digit of 611876?
8
What is the hundreds digit of 5481192?
1
What is the hundred thousands digit of 792080?
7
What is the thousands digit of 181331?
1
What is the hundred thousands digit of 1417733?
4
What is the hundreds digit of 3345255?
2
What is the units digit of 652704?
4
What is the tens digit of 5191958?
5
What is the tens digit of 24398322?
2
What is the ten thousands digit of 410103?
1
What is the thousands digit of 18295728?
5
What is the units digit of 1923337?
7
What is the hundreds digit of 6238679?
6
What is the thousands digit of 2875613?
5
What is the units digit of 545859?
9
What is the hundreds digit of 2546914?
9
What is the hundreds digit of 1416604?
6
What is the hundred thousands digit of 34837680?
8
What is the ten thousands digit of 85955?
8
What is the units digit of 359988?
8
What is the hundreds digit of 8391713?
7
What is the millions digit of 8715918?
8
What is the units digit of 202970?
0
What is the thousands digit of 140785?
0
What is the thousands digit of 11500720?
0
What is the hundred thousands digit of 367554?
3
What is the hundred thousands digit of 959984?
9
What is the thousands digit of 402674?
2
What is the units digit of 4583425?
5
What is the ten thousands digit of 403955?
0
What is the hundred thousands digit of 147576?
1
What is the ten thousands digit of 10962?
1
What is the hundreds digit of 313633?
6
What is the millions digit of 6248944?
6
What is the hundreds digit of 15077496?
4
What is the ten millions digit of 12876878?
1
What is the tens digit of 3471954?
5
What is the thousands digit of 412388?
2
What is the hundred thousands digit of 2993323?
9
What is the thousands digit of 2613832?
3
What is the ten thousands digit of 1901240?
0
What is the thousands digit of 1127151?
7
What is the millions digit of 3088273?
3
What is the tens digit of 356437?
3
What is the tens digit of 1097671?
7
What is the hundreds digit of 178928?
9
What is the units digit of 613310?
0
What is the millions digit of 2030123?
2
What is the millions digit of 3260854?
3
What is the millions digit of 4864147?
4
What is the hundreds digit of 361171?
1
What is the hundred thousands digit of 282574?
2
What is the hundreds digit of 2159209?
2
What is the units digit of 209309?
9
What is the units digit of 108217?
7
What is the tens digit of 29621491?
9
What is the tens digit of 734142?
4
What is the tens digit of 2189686?
8
What is the hundred thousands digit of 763684?
7
What is the hundreds digit of 362437?
4
What is the thousands digit of 844409?
4
What is the units digit of 1549389?
9
What is the thousands digit of 1929911?
9
What is the units digit of 13214934?
4
What is the thousands digit of 775344?
5
What is the hundreds digit of 770373?
3
What is the hundred thous